actors of 190803621.
3, 63601207
List the prime factors of 89021342.
2, 44510671
List the prime factors of 39437629.
7, 11, 239, 2143
What are the prime factors of 42865646?
2, 113, 189671
What are the prime factors of 1017897533?
97, 137, 76597
What are the prime factors of 903189119?
7, 61, 302171
What are the prime factors of 4953307447?
11, 450300677
List the prime factors of 166021850.
2, 5, 1483, 2239
List the prime factors of 91166847.
3, 773, 39313
What are the prime factors of 30910259?
29, 359, 2969
What are the prime factors of 2896516101?
3, 965505367
List the prime factors of 48291611.
17, 167099
What are the prime factors of 922568?
2, 115321
List the prime factors of 2683947189.
3, 7, 11, 53, 219223
List the prime factors of 17927677.
17927677
List the prime factors of 5680725.
3, 5, 75743
List the prime factors of 582348345.
3, 5, 17, 2283719
List the prime factors of 4877491129.
7, 47, 14825201
What are the prime factors of 4051328768?
2, 29, 229, 2383
List the prime factors of 445580888.
2, 2617, 21283
What are the prime factors of 105842839?
105842839
List the prime factors of 170139265.
5, 34027853
What are the prime factors of 104692704?
2, 3, 31, 127, 277
List the prime factors of 496787802.
2, 3, 7, 601, 19681
What are the prime factors of 1091324875?
5, 137, 63727
List the prime factors of 15478270.
2, 5, 1547827
List the prime factors of 70764935.
5, 389, 36383
What are the prime factors of 455930767?
455930767
What are the prime factors of 162817944?
2, 3, 6784081
List the prime factors of 949676423.
17, 257, 217367
What are the prime factors of 3493193063?
2423, 1441681
What are the prime factors of 337428828?
2, 3, 11, 19, 151
What are the prime factors of 444145364?
2, 13, 23, 371359
List the prime factors of 247574757.
3, 17, 4854407
List the prime factors of 22263581.
131, 169951
List the prime factors of 2560188544.
2, 61, 131, 2503
List the prime factors of 208231948.
2, 29, 41, 43783
List the prime factors of 2909316071.
2909316071
List the prime factors of 93400455.
3, 5, 61, 102077
List the prime factors of 246043543.
47, 53, 98773
List the prime factors of 536505159.
3, 17, 10519709
What are the prime factors of 103297214?
2, 51648607
What are the prime factors of 51019035?
3, 5, 1031, 3299
List the prime factors of 371431463.
13, 43, 401, 1657
What are the prime factors of 13287955?
5, 2657591
List the prime factors of 1757749193.
47, 1361, 27479
What are the prime factors of 5310233360?
2, 5, 811, 81847
What are the prime factors of 718915409?
43, 16718963
List the prime factors of 101102290.
2, 5, 10110229
List the prime factors of 124329293.
11, 19, 29, 73, 281
List the prime factors of 936743641.
936743641
What are the prime factors of 76232666?
2, 38116333
List the prime factors of 685455116.
2, 171363779
What are the prime factors of 32333623?
7, 4619089
List the prime factors of 23452716.
2, 3, 7, 43, 151
What are the prime factors of 59657322?
2, 3, 191, 52057
List the prime factors of 632654435.
5, 7, 1367, 1889
List the prime factors of 173122361.
5821, 29741
List the prime factors of 283887489.
3, 94629163
List the prime factors of 20322686.
2, 10161343
List the prime factors of 52440591.
3, 7, 1451, 1721
What are the prime factors of 48802346?
2, 24401173
List the prime factors of 12084779.
7, 19, 90863
What are the prime factors of 417396032?
2, 6521813
What are the prime factors of 72003651?
3, 24001217
What are the prime factors of 662588697?
3, 7937, 27827
List the prime factors of 880955261.
97, 93629
What are the prime factors of 52900263?
3, 13, 29, 5197
What are the prime factors of 1471210267?
1471210267
List the prime factors of 81647223.
3, 7, 3887963
What are the prime factors of 1349627019?
3, 13, 19, 257, 373
What are the prime factors of 132253471?
7, 19, 31, 32077
List the prime factors of 161705315.
5, 109, 269, 1103
List the prime factors of 244905067.
11, 223, 99839
List the prime factors of 149947017.
3, 11, 53, 85733
List the prime factors of 883081730.
2, 5, 73, 1051, 1151
What are the prime factors of 55981735?
5, 641, 17467
List the prime factors of 136297302.
2, 3, 61, 372397
What are the prime factors of 6464866014?
2, 3, 19, 6301039
What are the prime factors of 1377013394?
2, 151, 4559647
List the prime factors of 4665950.
2, 5, 93319
List the prime factors of 532748108.
2, 17, 947, 8273
List the prime factors of 268892352.
2, 3, 155609
List the prime factors of 114375465.
3, 5, 2541677
What are the prime factors of 3151165198?
2, 1575582599
List the prime factors of 4146096253.
13, 318930481
What are the prime factors of 64235724?
2, 3, 7, 17, 44983
List the prime factors of 1077476402.
2, 538738201
List the prime factors of 40868408.
2, 7, 17, 42929
List the prime factors of 703130668.
2, 43, 4087969
List the prime factors of 2907372143.
13, 239, 653, 1433
What are the prime factors of 197488081?
7, 107, 5381
List the prime factors of 217461924.
2, 3, 71, 149, 571
List the prime factors of 80418060.
2, 3, 5, 446767
List the prime factors of 2070789361.
3557, 582173
List the prime factors of 69341126.
2, 1117, 31039
What are the prime factors of 9783208?
2, 29, 42169
What are the prime factors of 39477843?
3, 347, 12641
What are the prime factors of 96345367?
23, 41, 71, 1439
List the prime factors of 753271075.
5, 30130843
What are the prime factors of 708160469?
708160469
List the prime factors of 3233268684.
2, 3, 19, 257, 6131
What are the prime factors of 3632414252?
2, 908103563
What are the prime factors of 138839607?
3, 31, 497633
List the prime factors of 5025816728.
2, 628227091
List the prime factors of 4535493743.
11, 19, 3847, 5641
List the prime factors of 3258993304.
2, 7, 7043, 8263
What are the prime factors of 41428548?
2, 3, 7, 79, 2081
What are the prime factors of 15358820?
2, 5, 17, 199, 227
List the prime factors of 260764850.
2, 5, 5215297
List the prime factors of 39775391.
39775391
List the prime factors of 12058629.
3, 11, 365413
List the prime factors of 33271040.
2, 5, 11, 17, 139
List the prime factors of 84673878.
2, 3, 211, 66883
What are the prime factors of 43391586?
2, 3, 7, 983, 1051
What are the prime factors of 244117718?
2, 13, 47, 107, 1867
What are the prime factors of 307005874?
2, 7, 1669, 1877
List the prime factors of 2239794344.
2, 59, 1009, 4703
List the prime factors of 711522867.
3, 11, 103, 209333
List the prime factors of 6091917443.
2399, 2539357
List the prime factors of 17878686.
2, 3, 7, 167, 2549
What are the prime factors of 80078593?
7, 1634257
What are the prime factors of 663116810?
2, 5, 5557, 11933
List the prime factors of 414356736.
2, 3, 211, 2557
What are the prime factors of 16302681?
3, 37, 16319
List the prime factors of 5336456608.
2, 7, 23823467
List the prime factors of 4497701725.
5, 11, 691, 23669
List the prime factors of 88855146.
2, 3, 757, 6521
What are the prime factors of 2307681230?
2, 5, 31, 239, 31147
List the prime factors of 1389465364.
2, 7, 19, 43, 8677
List the prime factors of 6533046.
2, 3, 13, 27919
List the prime factors of 181905055.
5, 31, 1173581
List the prime factors of 1131345520.
2, 5, 14141819
What are the prime factors of 1400511721?
7, 6173, 32411
List the prime factors of 2008926448.
2, 17, 7385759
List the prime factors of 631805151.
3, 210601717
What are the prime factors of 3856060019?
7, 181, 3043457
What are the prime factors of 1959485743?
79, 2791, 8887
What are the prime factors of 1074308146?
2, 19, 337, 83891
List the prime factors of 2677958342.
2, 5741, 233231
List the prime factors of 482294931.
3, 31, 41, 126487
List the prime factors of 165370697.
165370697
What are the prime factors of 37233428?
2, 9308357
What are the prime factors of 60125945?
5, 11, 1093199
List the prime factors of 4036730104.
2, 11, 17, 227, 11887
List the prime factors of 98051686.
2, 67, 731729
What are the prime factors of 372287013?
3, 7, 17727953
List the prime factors of 92207608.
2, 19, 47, 12907
List the prime factors of 881174640.
2, 3, 5, 3671561
What are the prime factors of 117023823?
3, 7, 1857521
What are the prime factors of 239641029?
3, 1597, 16673
List the prime factors of 23069834.
2, 61, 263, 719
What are the prime factors of 426650807?
11, 38786437
Lis